divisor of 1311 and 13547?
437
Calculate the highest common factor of 72 and 303558.
6
What is the greatest common factor of 685 and 16261900?
685
Calculate the highest common factor of 6920 and 600.
40
Calculate the greatest common divisor of 1914 and 404637.
87
What is the greatest common factor of 6 and 264003?
3
What is the greatest common divisor of 24 and 4542?
6
What is the greatest common divisor of 125461 and 56?
7
Calculate the highest common factor of 7844 and 13568.
212
What is the greatest common divisor of 19278 and 476?
238
Calculate the highest common factor of 64890 and 640.
10
Calculate the highest common divisor of 1007 and 1577.
19
What is the greatest common factor of 110 and 48000?
10
What is the highest common divisor of 5100 and 4175?
25
What is the greatest common divisor of 7728 and 2484?
276
Calculate the highest common factor of 13 and 11801.
1
Calculate the greatest common factor of 43366 and 24.
2
Calculate the greatest common factor of 94 and 767933.
47
What is the greatest common factor of 2989 and 3871?
49
Calculate the greatest common divisor of 10 and 6440.
10
What is the highest common factor of 42 and 32242?
14
What is the greatest common divisor of 94 and 611?
47
What is the greatest common factor of 326144 and 104?
104
Calculate the highest common factor of 8 and 6845.
1
What is the highest common factor of 3598470 and 90?
90
Calculate the highest common divisor of 135 and 95445.
135
Calculate the highest common divisor of 54 and 111282.
6
What is the highest common divisor of 3173 and 7181?
167
Calculate the greatest common divisor of 317 and 18822509.
317
What is the highest common factor of 1512 and 1708?
28
What is the highest common factor of 4 and 163600?
4
What is the highest common factor of 1970113 and 1156?
289
What is the highest common factor of 1452 and 836484?
132
What is the highest common divisor of 4023 and 12665?
149
Calculate the highest common factor of 2820 and 24393.
141
What is the highest common factor of 555 and 40605?
15
What is the greatest common factor of 206103 and 1218?
87
Calculate the greatest common divisor of 1015 and 34220.
145
What is the highest common factor of 102740 and 132?
44
Calculate the highest common divisor of 50573 and 173323.
491
What is the highest common factor of 52 and 13817960?
52
Calculate the greatest common divisor of 144 and 4448.
16
Calculate the greatest common factor of 1157610 and 821.
821
What is the highest common divisor of 6756 and 594?
6
What is the highest common divisor of 153 and 617457?
51
What is the greatest common factor of 3325 and 71915?
95
Calculate the highest common divisor of 4067 and 1328.
83
Calculate the highest common factor of 8462 and 32.
2
Calculate the highest common factor of 156 and 3493854.
78
What is the greatest common divisor of 37459 and 47?
47
Calculate the greatest common factor of 13717 and 29.
29
Calculate the highest common divisor of 226055 and 29.
29
What is the greatest common divisor of 28718 and 5146?
166
What is the greatest common divisor of 159 and 4900751?
53
Calculate the greatest common factor of 168490 and 166.
166
What is the greatest common divisor of 7434 and 504?
126
What is the highest common factor of 25 and 5465?
5
What is the highest common divisor of 2985 and 4395?
15
Calculate the greatest common divisor of 679 and 38087.
7
What is the greatest common divisor of 301 and 1298342?
43
Calculate the highest common divisor of 20395 and 790.
5
Calculate the greatest common divisor of 3991 and 29042.
13
Calculate the greatest common factor of 5270 and 1955.
85
Calculate the greatest common factor of 42 and 131446.
14
Calculate the greatest common divisor of 160 and 4215.
5
What is the greatest common factor of 6888 and 3962?
14
Calculate the highest common factor of 9500 and 1140.
380
What is the greatest common factor of 1 and 19?
1
Calculate the greatest common divisor of 621 and 5221.
23
Calculate the highest common factor of 114 and 677046.
114
Calculate the greatest common divisor of 100 and 88460.
20
What is the greatest common factor of 50 and 200950?
50
Calculate the highest common divisor of 3950 and 3634.
158
What is the greatest common divisor of 3125 and 2425?
25
Calculate the highest common divisor of 18372 and 348.
12
Calculate the greatest common divisor of 10824327 and 97.
97
Calculate the greatest common divisor of 284 and 3621994.
142
What is the greatest common divisor of 315 and 6055?
35
What is the greatest common divisor of 9545 and 1495?
115
Calculate the greatest common divisor of 40 and 91220.
20
Calculate the greatest common factor of 111662 and 62.
62
Calculate the highest common factor of 528 and 186428.
44
Calculate the highest common factor of 26820 and 18.
18
What is the highest common factor of 456 and 487920?
456
What is the greatest common divisor of 42900 and 6?
6
What is the highest common factor of 2114680 and 348?
116
What is the greatest common factor of 475054 and 4?
2
What is the greatest common divisor of 469483 and 658?
329
What is the greatest common factor of 100340 and 1740?
580
Calculate the greatest common divisor of 18954 and 182.
26
Calculate the highest common factor of 114 and 18411.
57
What is the highest common factor of 4073051 and 471?
157
Calculate the highest common divisor of 402 and 16683.
201
What is the highest common factor of 2340 and 893620?
260
What is the greatest common factor of 23 and 417?
1
What is the greatest common divisor of 22092 and 4620?
84
What is the greatest common divisor of 66729 and 1416?
177
What is the highest common divisor of 937398 and 1848?
462
What is the greatest common divisor of 341 and 8339?
31
What is the highest common divisor of 37888 and 5328?
592
What is the highest common factor of 55149 and 2697?
93
Calculate the highest common factor of 163 and 157621.
163
Calculate the greatest common factor of 26319 and 279.
93
What is the greatest common factor of 2295 and 16821?
27
Calculate the highest common divisor of 342 and 299763.
171
Calculate the highest common factor of 15200 and 475.
475
Calculate the highest common divisor of 70 and 159760.
10
What is the highest common divisor of 37219 and 1964018?
2863
Calculate the highest common factor of 1410 and 43851.
141
What is the highest common divisor of 316 and 612487?
79
What is the highest common factor of 5472 and 536?
8
Calculate the greatest common divisor of 10246 and 2180.
218
Calculate the highest common factor of 80 and 45.
5
What is the greatest common factor of 517795 and 145?
145
Calculate the highest common divisor of 1629 and 136293.
543
What is the highest common factor of 1008 and 142282?
14
What is the highest common divisor of 88 and 488?
8
What is the highest common divisor of 237 and 10823?
79
Calculate the highest common divisor of 408196 and 131.
131
What is the greatest common factor of 3 and 208?
1
What is the greatest common factor of 218 and 1308?
218
Calculate the highest common factor of 572 and 5588.
44
What is the greatest common factor of 1220 and 100?
20
What is the greatest common divisor of 3055113 and 1035?
207
What is the greatest common divisor of 12557690 and 1130?
1130
Calculate the greatest common factor of 721 and 209708.
103
What is the greatest common divisor of 152392 and 24?
8
Calculate the highest common factor of 972 and 1548.
36
Calculate the greatest common factor of 383436 and 16.
4
What is the greatest common divisor of 2198 and 47728?
314
Calculate the greatest common divisor of 1167572 and 2744.
1372
Calculate the greatest common factor of 12852 and 135324.
756
What is the greatest common divisor of 27 and 231867?
9
Calculate the greatest common divisor of 30405 and 120.
15
What is the highest common divisor of 340 and 279548?
68
Calculate the highest common factor of 771129 and 94.
47
Calculate the highest common factor of 462245 and 385.
35
What is the highest common divisor of 23184 and 12512?
368
What is the highest common divisor of 42108 and 55?
11
What is the highest common divisor of 66960 and 2914?
62
What is the greatest common factor of 222690 and 2600?
130
What is the greatest common factor of 106922 and 772?
386
What is the greatest common factor of 18 and 5496?
6
What is the 